{"id":15132,"date":"2021-03-29T00:10:45","date_gmt":"2021-03-29T03:10:45","guid":{"rendered":"http:\/\/www.ferreteriaellucero.com\/herramientas\/?page_id=15132"},"modified":"2021-03-29T00:10:49","modified_gmt":"2021-03-29T03:10:49","slug":"terminos-y-condiciones","status":"publish","type":"page","link":"https:\/\/www.ferreteriaellucero.com\/herramientas\/terminos-y-condiciones\/","title":{"rendered":"Terminos y condiciones"},"content":{"rendered":"<p>El presente documento describe los t\u00e9rminos y condiciones (los \u201cT\u00e9rminos y Condiciones\u201d) que rigen la utilizaci\u00f3n del sitio en Internet&nbsp;<a href=\"http:\/\/www.ferreteriaellucero.com\/herramientas\">www.ferreteriaellucero.com<\/a>&nbsp;(\u201cEl Lucero\u201d o el \u201c<a>Sitio<\/a>\u201d), incluyendo las condiciones generales de utilizaci\u00f3n de los servicios ofrecidos en el Sitio (el \u201cServicio\u201d o los \u201cServicios\u201d y las \u201cCondiciones de Uso\u201d respectivamente) que regir\u00e1n los derechos y obligaciones entre los usuarios (los \u201cUsuarios\u201d y\/o el \u201cUsuario\u201d) y <a>el Sitio<\/a>.<\/p><p>El Usuario de los Servicios declara tener capacidad jur\u00eddica para contratar o representar a quien la tenga, as\u00ed como haber le\u00eddo, estar de acuerdo y someterse a los presentes T\u00e9rminos y Condiciones. Si se ha inscrito a un usuario como empresa o persona jur\u00eddica, se debe tener capacidad para contratar a nombre de tal entidad y de obligar a la misma en los t\u00e9rminos de este acuerdo. Si el Usuario no est\u00e1 de acuerdo con los T\u00e9rminos y Condiciones, debe abstenerse de utilizar el Sitio y\/o los Servicios. El Sitio podr\u00e1 negar o terminar la prestaci\u00f3n de los Servicios a quienes no posean capacidad para contratar y a quienes no hayan convenido en la anterior declaraci\u00f3n<\/p><p><strong>Cualquier persona que no acepte estos t\u00e9rminos y condiciones generales, los cuales tienen un car\u00e1cter obligatorio y vinculante, no podr\u00e1 utilizar nuestra p\u00e1gina web y\/o los productos ofrecidos.<\/strong><\/p><p>Naturaleza del Servicio y destino del Sitio<\/p><p>El Sitio ha sido programado para que constituya un medio virtual para el acceso de los Usuarios a las g\u00f3ndolas de la tienda de el Sitio del \u00e1rea de su domicilio.<\/p><p>Usuarios que pueden utilizar los Servicios del Sitio<\/p><p>Los Servicios s\u00f3lo est\u00e1n disponibles para personas que tengan capacidad legal para contratar. No podr\u00e1n utilizar los Servicios las personas que no tengan esa capacidad, los menores de edad o quien registre como Usuario una persona jur\u00eddica, deber\u00e1 tener capacidad para contratar a nombre de tal entidad y de obligar a la misma en los t\u00e9rminos de estas Condiciones de Uso.<\/p><p>Uso de los Servicios<\/p><p>El Usuario registrado declara que la informaci\u00f3n que brindar\u00e1 al remitir el pedido de registraci\u00f3n ser\u00e1 precisa, correcta y actual comprometi\u00e9ndose a informar en forma inmediata y fehaciente respecto de cualquier cambio siendo a su vez enteramente responsable frente a el Sitio por los da\u00f1os y perjuicios que el incumplimiento de dicha obligaci\u00f3n pudiere acarrearle incluyendo pero no limit\u00e1ndose a costos de ubicaci\u00f3n f\u00edsica del Usuario, costos de intimaciones y citaciones, etc. El Usuario acepta que utilizar\u00e1 los Servicios exclusivamente con los fines estipulados en (a) las Condiciones de Uso y (b) cualquier norma o regulaci\u00f3n aplicable ya sea de \u00edndole municipal o nacional incluyendo pero no limit\u00e1ndose a leyes, decretos, reglamentos, resoluciones, etc. El Usuario se compromete a no divulgar su contrase\u00f1a a terceros que no estuvieren autorizados por el Usuario para acceder a los Servicios del Sitio.<\/p><p>\u00c1mbito de aplicaci\u00f3n<\/p><p>Estas Condiciones de Uso son aplicables a cualquiera de todas las ventas de productos y\/o servicios a ser realizadas por el Sitio dentro de la Rep\u00fablica Oriental del Uruguay. La realizaci\u00f3n de un pedido supone la aceptaci\u00f3n expresa del Usuario a las presentes Condiciones de Uso. Al aceptar estas Condiciones de Uso, registr\u00e1ndose como Usuario, usted declara bajo juramento y certifica tener 18 a\u00f1os de edad o m\u00e1s. Si usted no est\u00e1 de acuerdo (o no puede cumplir) con cualquiera de las reglas de las Condiciones de Uso, no utilice el Sitio. Toda la informaci\u00f3n proporcionada al momento de operar con el Sitio debe ser precisa y veraz. Proporcionar informaci\u00f3n inexacta o falsa constituye una violaci\u00f3n grave de estas Condiciones de Uso. Confirmando su pedido en el final del proceso de una operaci\u00f3n, el Usuario acuerda aceptar los art\u00edculos adquiridos y pagar su precio, perfeccionando con el Sitio un contrato de compra-venta de mercader\u00eda.<\/p><p>Referencias a terceros<\/p><p>Las referencias en el Sitio a nombres, marcas, productos o servicios de terceros, o v\u00ednculos de hipertexto a sitios Web o informaci\u00f3n de terceros se proveen \u00fanicamente como una comodidad para el Usuario y de ninguna forma constituyen o implican respaldo, patrocinio o recomendaci\u00f3n por el Sitio respecto de la tercera parte, su informaci\u00f3n, productos o servicios. el Sitio no tiene control de las pr\u00e1cticas o pol\u00edticas de esos terceros, ni del contenido de los sitios Web de cualesquiera terceros y no hace ninguna declaraci\u00f3n o promesa con respecto a productos o servicios de terceros, o respecto del contenido o la exactitud de cualquier material alojado en dichos sitios de terceros.<\/p><p>Aceptaci\u00f3n de pedidos<\/p><p>Por favor, tenga en cuenta que puede ocurrir que luego de aprobado por el Usuario un pedido, por distintas razones el Sitio no est\u00e9 en condiciones de aceptarlo total o parcialmente y deba por ello cancelar o excluir del mismo algunos \u00edtems pedidos por el Usuario. Algunas situaciones pueden dar lugar a que algunos \u00edtems de su pedido sean excluidos del mismo, ya sea debido a limitaciones en las cantidades disponibles para la compra; faltantes de mercader\u00eda; falta de autorizaci\u00f3n a la operaci\u00f3n por parte de la entidad emisora o administradora de su tarjeta de cr\u00e9dito; inexactitudes o errores en el producto o informaci\u00f3n; o problemas identificados por el departamento de prevenci\u00f3n de fraude de cr\u00e9dito y de precios. Para su seguridad, le informamos que eventualmente podemos requerirle informaci\u00f3n o realizar verificaciones adicionales antes de aceptar cualquier pedido. Si se cancela todo o parte de su pedido o si se necesita informaci\u00f3n adicional para aceptar su pedido, nos pondremos en contacto con usted. En todos los casos que deban realizarse una modificaci\u00f3n o cancelaci\u00f3n parcial de su pedido, el Usuario tendr\u00e1 siempre derecho a cancelar la totalidad del mismo. el Sitio, en uso de sus facultades, se reserva el derecho de anular definitivamente cualquier operaci\u00f3n luego de la constataci\u00f3n de los datos ingresados, en cuyo caso se le comunicar\u00e1 al usuario la decisi\u00f3n. Todas las compras efectuadas estar\u00e1n sujetas al stock informado, debido a las demoras propias de las actualizaciones del sistema, es posible que el mismo le permita realizar una compra que luego deba ser anulada por falta de stock. En ese caso le ser\u00e1 informado en el e-mail confirmatorio.<\/p><p>Forma de entrega y pago<\/p><p>Una vez que un pedido haya quedado confirmado y el importe de su factura aprobado, salvo que existan inconvenientes excepcionales para la aceptaci\u00f3n del pedido por parte de el Sitio, que le ser\u00e1n debidamente comunicados, recibir\u00e1 un correo electr\u00f3nico en el plazo de las 24 horas confirmando que la operaci\u00f3n ha sido exitosa. Si el Usuario no recibe tal notificaci\u00f3n v\u00eda correo electr\u00f3nico deber\u00e1 contactarse con el Centro de Atenci\u00f3n al Cliente el Sitio (22889981) a fin de constatar que no hubo errores de registro al ingresar la casilla de correo.<\/p><p>Condiciones de la Entrega<\/p><p>El env\u00edo de los productos se procesar\u00e1 una vez confirmado el pago. Los productos ser\u00e1n enviados \u00fanica y exclusivamente mediante empresas de env\u00edo dentro de 5 d\u00edas h\u00e1biles y el costo de los mismos ser\u00e1 por cuenta del cliente.<\/p><p>El cliente debe proporcionar al momento de la compra, la direcci\u00f3n donde quiere que sea enviado su producto, suministrando toda la informaci\u00f3n que el sistema solicite. el Sitio no se hace responsable por la validez o certeza de la informaci\u00f3n suministrada por el Usuario.<\/p><p>El tiempo de entrega del pedido, depender\u00e1 de los productos seleccionados en el mismo, los cuales tienen tiempos de entrega especificados en cada caso. Los s\u00e1bados, domingos y feriados, no cuentan dentro del tiempo de entrega ni son d\u00edas de despacho.<\/p><p>Las entregas de los pedidos realizados a trav\u00e9s de el Sitio se limitan \u00fanica y exclusivamente al territorio de la Republica Oriental del Uruguay y a las zonas servidas por las empresas de env\u00edo.<\/p><p>Medios de pago<\/p><p>El Sitio cuenta con los siguientes medios de pago v\u00e1lidos para compras online: -Mercado Pago, el Sitio o pago directo en tienda. Es derecho de el Sitio la inclusi\u00f3n, exclusi\u00f3n o suspensi\u00f3n de cualquier medio de pago. En venta on line, se emitir\u00e1n facturas electr\u00f3nicas. La misma ser\u00e1 remitida al e-mail informado en el pedido, sin excepci\u00f3n.<\/p><p>Operatividad y seguridad del sitio<\/p><p>El Usuario se compromete a no acceder ni a intentar acceder al Sitio ni usar de ninguno de los Servicios por ning\u00fan otro medio que no sea la interfaz provista por el Sitio. Asimismo, se compromete a no involucrarse en ninguna actividad que interfiera o que interrumpa o que tuviere entidad suficiente para interferir o interrumpir la prestaci\u00f3n de los Servicios del Sitio o los servidores y redes conectados al mismo. Est\u00e1 prohibido a los Usuarios violar, vulnerar y\/o de cualquier forma afectar el normal uso y la seguridad del Sitio, incluyendo, pero sin limitarse a: a) acceder a datos que no se destinan a ese Usuario o ingresar a una computadora o a una cuenta a los cuales no est\u00e9 el Usuario autorizado para acceder; b) tratar de sondear, analizar o probar la vulnerabilidad de un sistema o una red o romper medidas de seguridad o autenticaci\u00f3n sin la debida autorizaci\u00f3n; c) intentar interferir con el servicio a cualquier Usuario, computadora o red, incluyendo, sin que la siguiente enumeraci\u00f3n implique limitaci\u00f3n, cuando se lo haga a trav\u00e9s de medios de env\u00edo de un virus al Sitio, sobrecarga, inundaci\u00f3n (\u00abflooding\u00bb) env\u00edo masivo de mensajes no solicitados (\u00abspamming\u00bb) env\u00edo de c\u00f3digos destructivos (\u00abmailbombing\u00bb) o anulaci\u00f3n de instrucciones del software (\u00abcrashing\u201d). Las violaciones de la seguridad del sistema o de la red pueden dar lugar a responsabilidad civil o penal. el Sitio investigar\u00e1 sucesos que puedan implicar esas violaciones y puede involucrar a cooperar con las autoridades encargadas de hacer cumplir la ley para enjuiciar a los usuarios que participen en esas violaciones. Usted acepta no utilizar ning\u00fan dispositivo, software o rutina para interferir o intentar interferir con el buen funcionamiento de este Sitio o cualquier actividad que se lleve a cabo en este Sitio. Usted acepta, adem\u00e1s, no utilizar ni intentar utilizar cualquier motor, software, herramienta, agente u otro dispositivo o mecanismo (incluyendo sin limitaci\u00f3n los navegadores, ara\u00f1as (spyders), robots y avatares) para navegar o buscar en este Sitio, que no sean los motores de b\u00fasqueda y agentes de b\u00fasqueda que el Sitio hace disponibles en este Sitio y diferentes de los navegadores Web de terceros disponibles para el p\u00fablico en general (por ejemplo, Mozilla Firefox, Internet Explorer, Opera, Google Chrome, entre otros). El Usuario y\/o el navegante ocasional del Sitio aceptan y reconocen expresamente que cualquier hecho, acto u omisi\u00f3n vinculadas con lo referido anteriormente y que tengan entidad para afectar la seguridad y\/o el normal desarrollo del Sitio tienen entidad suficiente para causar a el Sitio considerables da\u00f1os y perjuicios incluyendo pero no limit\u00e1ndose a lucro cesante por ca\u00edda y\/o merma en las ventas, afectaci\u00f3n de sus marcas, imagen comercial, p\u00e9rdida de clientela, etc.<\/p><p>el Sitio intentar\u00e1 garantizar el uso ininterrumpido y continuado del servicio, sin embargo las consecuencias que se generen con ocasi\u00f3n de fallas en el sistema del mismo o dificultades t\u00e9cnicas u otra raz\u00f3n ajena a la voluntad de el Sitio, no ser\u00e1n imputables a el Sitio.<\/p><p>Contrase\u00f1as y seguridad de la cuenta del usuario<\/p><p>Por medio de la aceptaci\u00f3n de las Condiciones de Uso el Usuario, reconoce y acepta que es el \u00fanico responsable de mantener la confidencialidad de su contrase\u00f1a. En consecuencia, el Usuario acepta que ser\u00e1 el \u00fanico responsable ante el Sitio de todas y cada una de las actividades que se efect\u00faen en su cuenta en el Sitio. El Usuario deber\u00e1 notificar de inmediato a el Sitio cualquier uso no autorizado de su contrase\u00f1a o cuenta de que tenga conocimiento, a trav\u00e9s del Sitio. Esta notificaci\u00f3n deber\u00e1 efectuarse a trav\u00e9s del Sitio y, adicionalmente, remitiendo una nota al domicilio de el Sitio debiendo especificar en ambos casos y en detalle toda la informaci\u00f3n con la que cuente respecto del uso no autorizado de su contrase\u00f1a.<\/p><p>el Sitio se encuentra hospedado en una de las plataformas l\u00edderes en rendimiento, seguridad y confiabilidad para poder garantizar la confidencialidad y seguridad de dicha informaci\u00f3n. Sin embargo el Sitio no se hace responsable por cualquier violaci\u00f3n o usurpaci\u00f3n que pueda sufrir el sistema de seguridad del sitio, por terceras personas, fallas en el sistema, en el servidor, en Internet, o cualquier virus que pudiese alojarse en el sistema. Asimismo, el Sitio tampoco se hace responsable por la obtenci\u00f3n por medios ilegales o violaciones del sistema de la informaci\u00f3n alojada en nuestro servidor, as\u00ed como del uso que se haga de la misma.<\/p><p>Datos personales<\/p><p>Se entiende por \u201cDatos personales\u201d cualquier informaci\u00f3n que permite identificar a un individuo. el Sitio no recabar\u00e1 ning\u00fan dato personal sobre el usuario a menos el mismo voluntariamente lo provea, o de otro modo lo permita la normativa aplicable sobre protecci\u00f3n de datos personales. En consecuencia, quien provee los datos reconoce que proporciona sus datos en forma absolutamente voluntaria y que los mismos son ciertos.<\/p><p>Los datos personales ser\u00e1n tratados de acuerdo a lo dispuesto por la Ley N\u00b0 18.331 y sus normas reglamentarias o modificativas. Su informaci\u00f3n personal se procesa y almacena en servidores o medios magn\u00e9ticos que mantienen altos est\u00e1ndares de seguridad y protecci\u00f3n tanto f\u00edsica como tecnol\u00f3gica (encriptaci\u00f3n &nbsp;Secure Socket Layer). el Sitio se obliga a mantener la confidencial de la informaci\u00f3n que reciba por parte del usuario y a tratar sus datos personales de acuerdo a lo establecido por la normativa vigente. &nbsp;El ingreso de los datos personales implica el consentimiento del visitante a ser parte de la base de datos de el Sitio. &nbsp;Los datos referidos en estos T\u00e9rminos y Condiciones, tendr\u00e1n como finalidad validar las \u00f3rdenes de compra y mejorar la labor de informaci\u00f3n y comercializaci\u00f3n de los productos y servicios prestados por las empresas. S\u00f3lo podr\u00e1n ser entregados a las empresas filiales o relacionadas con el Sitio o al Agente de Pago seleccionado por el Usuario, cuando sea necesario. &nbsp;El usuario acepta que el Sitio coloque \u201ccookies\u201d en su equipo. &nbsp;El usuario presta su consentimiento a la transmisi\u00f3n de su informaci\u00f3n personal identificatoria y a su uso conforme se describe en el presente. Esta pol\u00edtica de privacidad resulta aplicable solamente al Sitio Web, y no a otros sitios web.<\/p><p>Precios<\/p><p>el Sitio se reserva en cada momento y unilateralmente la modificaci\u00f3n del precio de los productos y servicios ofertados a trav\u00e9s de su p\u00e1gina web. Para garantizar al Usuario la certeza y seguridad del precio de sus productos, \u00e9ste ser\u00e1 el vigente en la publicidad coincidente con el momento de formalizar el pedido, realizando el pago correspondiente. En el caso de que un art\u00edculo figure en las listas del Sitio a un precio incorrecto debido a un error, el Sitio tendr\u00e1 el derecho, de corregir la orden facturando el precio vigente al momento del armado del pedido en la tienda o bien, de anular el pedido reintegrando al Usuario los importes abonados. En este caso, se dar\u00e1 aviso del error al Usuario, y con \u00e9l la posibilidad de cancelar o modificar la compra del producto facturado u ofrecido de forma incorrecta.<\/p><p>Publicidad<\/p><p>el Sitio se reserva el derecho de incluir en el Sitio anuncios publicitarios, que se identificar\u00e1n a los efectos de ser distinguirlos de las informaciones acerca de descripci\u00f3n y precio de los art\u00edculos ofrecidos. Esas inclusiones publicitarias se dirigen \u00fanicamente a llamar la atenci\u00f3n de los Usuarios sobre determinadas ofertas y no reemplazan las descripciones de los productos hechas en el Sitio correspondiente al art\u00edculo, que el Usuario deber\u00e1 utilizar para evaluar y realizar su compra online.<\/p><p>El usuario acepta recibir contenido promocional a su casilla de correo electr\u00f3nico, en caso de no estar de acuerdo en recibir el contenido, podr\u00e1 retirar su suscripci\u00f3n del mismo.<\/p><p>L\u00edmites de cantidad<\/p><p>el Sitio se reserva el derecho, cuando tenga razones que as\u00ed lo justifiquen, de limitar la cantidad de art\u00edculos comprados por persona, por hogar o por pedido. Estas restricciones pueden ser aplicables a los pedidos realizados por la misma cuenta o la misma tarjeta de cr\u00e9dito y tambi\u00e9n a los pedidos que utilizan la misma direcci\u00f3n de facturaci\u00f3n y\/o de entrega.<\/p><p>Derechos de autor y marcas registradas<\/p><p>A menos que se indique lo contrario, los derechos de autor, marcas comerciales, presentaci\u00f3n comercial y\/u otros derechos de propiedad intelectual sobre todo y cualquier contenido del Sitio son de propiedad, o controlados o licenciados, de el Sitio y est\u00e1n protegidos por las leyes nacionales y tratados internacionales sobre propiedad intelectual. La compilaci\u00f3n del contenido de este Sitio es propiedad exclusiva de el Sitio y tambi\u00e9n est\u00e1 protegida por las leyes nacionales y tratados internacionales sobre propiedad intelectual. el Sitio y\/o sus proveedores y\/o licenciantes se reservan expresamente todos los derechos de propiedad intelectual sobre todos los textos, productos, procesos, tecnolog\u00eda, contenido y otros materiales que aparecen en este Sitio. El acceso a este Sitio no confiere a nadie ninguna licencia respecto de cualquier derecho de propiedad intelectual de el Sitio o de cualquier tercero, salvo que conste con una autorizaci\u00f3n expresa de parte de el Sitio. Los nombres y logotipos de el Sitio y todos los productos relacionados y nombres de servicio, marcas de dise\u00f1o y esl\u00f3ganes son las marcas comerciales o marcas de servicio de el Sitio. Todas las dem\u00e1s marcas son propiedad de sus respectivos registrantes. No se concede ninguna licencia de marca registrada o marca de servicio en relaci\u00f3n con los materiales contenidos en este Sitio. El acceso a este Sitio no autoriza a nadie a utilizar cualquier nombre, logotipo o marca de cualquier manera.<\/p><p>Prohibiciones al usuario y sus responsabilidades<\/p><p>Est\u00e1 terminantemente prohibido al Usuario explotar de cualquier forma las informaciones adquiridas por medio del Sitio. No podr\u00e1 reproducir los textos o im\u00e1genes de los anuncios para otros fines que los de su propio recordatorio personal. El Usuario se compromete a tomar a su cargo cualquier responsabilidad contractual o extracontractual que derive de actos como Usuario del Sitio y acepta mantener indemne a el Sitio, respecto de y contra cualquier reclamo por parte de terceros, derivado o relacionado con el uso inadecuado del Sitio o por la violaci\u00f3n de las presentes T\u00e9rminos y Condiciones de Uso y sus respectivas modificaciones, o que surja de dicho uso y\/o a causa de alg\u00fan comentario publicado por el Usuario en el Sitio.<\/p><p>General<\/p><p>Las Condiciones de Uso representan el acuerdo completo entre las partes y sustituyen a todos los acuerdos anteriores que pudieran existir entre ellas. Los t\u00edtulos utilizados en estas Condiciones de Uso son s\u00f3lo con fines de referencia y en ninguna manera definen o limitan el alcance de la disposici\u00f3n que titulan. Si cualquier disposici\u00f3n de las mismas se considerara inaplicable por cualquier raz\u00f3n, tal disposici\u00f3n deber\u00e1 reformarse s\u00f3lo en la medida necesaria para hacerla exigible y las dem\u00e1s condiciones del presente Acuerdo permanecer\u00e1n en pleno vigor y efecto. La inacci\u00f3n de el Sitio con respecto a un incumplimiento de este acuerdo por el Usuario o por otros no constituye una renuncia y no limitar\u00e1 los derechos de el Sitio con respecto a dicho incumplimiento o infracciones posteriores.<\/p><p>Legislaci\u00f3n y cortes aplicables<\/p><p>Los presentes T\u00e9rminos y Condiciones &nbsp;y Condiciones de Uso ser\u00e1n interpretados y ejecutados conforme a las leyes de la Rep\u00fablica Oriental del Uruguay. Los Usuarios se someten a la jurisdicci\u00f3n de los tribunales de la Rep\u00fablica Oriental del Uruguay a efectos de la resoluci\u00f3n de cualquier controversia relacionada con todo o parte de los T\u00e9rminos y Condiciones &nbsp;y Condiciones de Uso.<\/p>","protected":false},"excerpt":{"rendered":"<p>El presente documento describe los t\u00e9rminos y condiciones (los \u201cT\u00e9rminos y Condiciones\u201d) que rigen la utilizaci\u00f3n del sitio en Internet&nbsp;www.ferreteriaellucero.com&nbsp;(\u201cEl&hellip;<\/p>\n","protected":false},"author":1,"featured_media":0,"parent":0,"menu_order":0,"comment_status":"closed","ping_status":"closed","template":"","meta":{"_joinchat":[],"footnotes":""},"class_list":["post-15132","page","type-page","status-publish","hentry"],"jetpack-related-posts":[],"jetpack_sharing_enabled":true,"_links":{"self":[{"href":"https:\/\/www.ferreteriaellucero.com\/herramientas\/wp-json\/wp\/v2\/pages\/15132","targetHints":{"allow":["GET"]}}],"collection":[{"href":"https:\/\/www.ferreteriaellucero.com\/herramientas\/wp-json\/wp\/v2\/pages"}],"about":[{"href":"https:\/\/www.ferreteriaellucero.com\/herramientas\/wp-json\/wp\/v2\/types\/page"}],"author":[{"embeddable":true,"href":"https:\/\/www.ferreteriaellucero.com\/herramientas\/wp-json\/wp\/v2\/users\/1"}],"replies":[{"embeddable":true,"href":"https:\/\/www.ferreteriaellucero.com\/herramientas\/wp-json\/wp\/v2\/comments?post=15132"}],"version-history":[{"count":1,"href":"https:\/\/www.ferreteriaellucero.com\/herramientas\/wp-json\/wp\/v2\/pages\/15132\/revisions"}],"predecessor-version":[{"id":15133,"href":"https:\/\/www.ferreteriaellucero.com\/herramientas\/wp-json\/wp\/v2\/pages\/15132\/revisions\/15133"}],"wp:attachment":[{"href":"https:\/\/www.ferreteriaellucero.com\/herramientas\/wp-json\/wp\/v2\/media?parent=15132"}],"curies":[{"name":"wp","href":"https:\/\/api.w.org\/{rel}","templated":true}]}}